
List the prime factors of 2774.
2, 19, 73
What are the prime factors of 4648?
2, 7, 83
What are the prime factors of 50489?
29, 1741
List the prime factors of 44863.
7, 13, 17, 29
What are the prime factors of 1128?
2, 3, 47
What are the prime factors of 864?
2, 3
List the prime factors of 15073.
15073
List the prime factors of 108188.
2, 17, 37, 43
What are the prime factors of 1061?
1061
What are the prime factors of 913?
11, 83
List the prime factors of 17023.
29, 587
List the prime factors of 18548.
2, 4637
What are the prime factors of 766?
2, 383
What are the prime factors of 167550?
2, 3, 5, 1117
What are the prime factors of 8043?
3, 7, 383
List the prime factors of 1451.
1451
What are the prime factors of 5058?
2, 3, 281
List the prime factors of 22423.
17, 1319
List the prime factors of 5583.
3, 1861
List the prime factors of 147639.
3, 29, 1697
List the prime factors of 8473.
37, 229
List the prime factors of 170.
2, 5, 17
List the prime factors of 4832.
2, 151
List the prime factors of 1337.
7, 191
List the prime factors of 1709.
1709
List the prime factors of 15224.
2, 11, 173
List the prime factors of 43795.
5, 19, 461
What are the prime factors of 4247?
31, 137
What are the prime factors of 128211?
3, 42737
List the prime factors of 1478.
2, 739
List the prime factors of 404.
2, 101
What are the prime factors of 463?
463
What are the prime factors of 2046?
2, 3, 11, 31
List the prime factors of 35167.
11, 23, 139
What are the prime factors of 1233?
3, 137
What are the prime factors of 8120?
2, 5, 7, 29
List the prime factors of 1656.
2, 3, 23
What are the prime factors of 90493?
13, 6961
What are the prime factors of 141131?
141131
What are the prime factors of 12897?
3, 1433
What are the prime factors of 2839?
17, 167
List the prime factors of 1004.
2, 251
What are the prime factors of 1051?
1051
List the prime factors of 4162.
2, 2081
What are the prime factors of 6690?
2, 3, 5, 223
What are the prime factors of 533?
13, 41
What are the prime factors of 33548?
2, 8387
List the prime factors of 4785.
3, 5, 11, 29
List the prime factors of 2719.
2719
List the prime factors of 1385.
5, 277
What are the prime factors of 2206?
2, 1103
List the prime factors of 1033.
1033
List the prime factors of 833.
7, 17
List the prime factors of 222.
2, 3, 37
What are the prime factors of 820?
2, 5, 41
List the prime factors of 43301.
19, 43, 53
List the prime factors of 1577.
19, 83
What are the prime factors of 59365?
5, 31, 383
List the prime factors of 12194.
2, 7, 13, 67
What are the prime factors of 503?
503
What are the prime factors of 2882?
2, 11, 131
List the prime factors of 5242.
2, 2621
List the prime factors of 1149.
3, 383
List the prime factors of 5945.
5, 29, 41
What are the prime factors of 11680?
2, 5, 73
What are the prime factors of 16803?
3, 1867
What are the prime factors of 166?
2, 83
List the prime factors of 6647.
17, 23
List the prime factors of 45648.
2, 3, 317
What are the prime factors of 25371?
3, 2819
What are the prime factors of 54699?
3, 18233
List the prime factors of 52140.
2, 3, 5, 11, 79
What are the prime factors of 49565?
5, 23, 431
What are the prime factors of 258?
2, 3, 43
List the prime factors of 6050.
2, 5, 11
What are the prime factors of 1831?
1831
List the prime factors of 13969.
61, 229
List the prime factors of 24522.
2, 3, 61, 67
List the prime factors of 6683.
41, 163
List the prime factors of 59.
59
What are the prime factors of 9285?
3, 5, 619
What are the prime factors of 3356?
2, 839
List the prime factors of 3215.
5, 643
What are the prime factors of 28484?
2, 7121
List the prime factors of 1442.
2, 7, 103
List the prime factors of 6002.
2, 3001
What are the prime factors of 9203?
9203
What are the prime factors of 8448?
2, 3, 11
List the prime factors of 58803.
3, 17, 1153
What are the prime factors of 21444?
2, 3, 1787
What are the prime factors of 5147?
5147
What are the prime factors of 1282?
2, 641
List the prime factors of 983.
983
What are the prime factors of 14175?
3, 5, 7
List the prime factors of 465.
3, 5, 31
List the prime factors of 694.
2, 347
What are the prime factors of 1356?
2, 3, 113
List the prime factors of 796.
2, 199
What are the prime factors of 4849?
13, 373
List the prime factors of 15535.
5, 13, 239
List the prime factors of 17999.
41, 439
What are the prime factors of 20?
2, 5
List the prime factors of 1708.
2, 7, 61
List the prime factors of 7070.
2, 5, 7, 101
List the prime factors of 5360.
2, 5, 67
What are the prime factors of 53632?
2, 419
List the prime factors of 75343.
59, 1277
What are the prime factors of 1905?
3, 5, 127
What are the prime factors of 304?
2, 19
List the prime factors of 90814.
2, 17, 2671
List the prime factors of 56557.
23, 2459
What are the prime factors of 291?
3, 97
What are the prime factors of 12253?
12253
What are the prime factors of 12253?
12253
List the prime factors of 7354.
2, 3677
What are the prime factors of 10012?
2, 2503
What are the prime factors of 58900?
2, 5, 19, 31
What are the prime factors of 4180?
2, 5, 11, 19
List the prime factors of 8544.
2, 3, 89
List the prime factors of 536.
2, 67
What are the prime factors of 17704?
2, 2213
What are the prime factors of 21666?
2, 3, 23, 157
List the prime factors of 2832.
2, 3, 59
What are the prime factors of 30529?
30529
List the prime factors of 3087.
3, 7
List the prime factors of 5812.
2, 1453
What are the prime factors of 715?
5, 11, 13
What are the prime factors of 41630?
2, 5, 23, 181
List the prime factors of 144177.
3, 11, 17, 257
What are the prime factors of 73836?
2, 3, 7, 293
What are the prime factors of 2327?
13, 179
What are the prime factors of 1204?
2, 7, 43
List the prime factors of 7402.
2, 3701
List the prime factors of 2324.
2, 7, 83
List the prime factors of 12708.
2, 3, 353
What are the prime factors of 1211?
7, 173
List the prime factors of 2187.
3
List the prime factors of 9626.
2, 4813
What are the prime factors of 287?
7, 41
What are the prime factors of 9355?
5, 1871
What are the prime factors of 1336?
2, 167
List the prime factors of 896.
2, 7
List the prime factors of 130.
2, 5, 13
List the prime factors of 1682.
2, 29
What are the prime factors of 403?
13, 31
List the prime factors of 31238.
2, 15619
List the prime factors of 51606.
2, 3, 47, 61
List the prime factors of 503.
503
What are the prime factors of 772?
2, 193
List the prime factors of 1086.
2, 3, 181
What are the prime factors of 41551?
37, 1123
What are the prime factors of 17553?
3, 5851
List the prime factors of 32.
2
What are the prime factors of 1609?
1609
List the prime factors of 126588.
2, 3, 7, 11, 137
What are the prime factors of 21096?
2, 3, 293
What are the prime factors of 49128?
2, 3, 23, 89
What are the prime factors of 19830?
2, 3, 5, 661
List the prime factors of 246.
2, 3, 41
What are the prime factors of 15209?
67, 227
List the prime factors of 6156.
2, 3, 19
What are the prime factors of 1933?
1933
List the prime factors of 852.
2, 3, 71
What are the prime factors of 2659?
2659
List the prime factors of 91691.
91691
List the prime factors of 1302.
2, 3, 7, 31
List the prime factors of 3668.
2, 7, 131
What are the prime factors of 19529?
59, 331
What are the prime factors of 46288?
2, 11, 263
List the prime factors of 36950.
2, 5, 739
What are the prime factors of 76076?
2, 7, 11, 13, 19
What are the prime factors of 872?
2, 109
List the prime factors of 36775.
5, 1471
What are the prime factors of 1177?
11, 107
List the prime factors of 19878.
2, 3, 3313
List the prime factors of 2092.
2, 523
List the prime factors of 403.
13, 31
List the prime factors of 6421.
6421
What are the prime factors of 772?
2, 193
List the prime factors of 5145.
3, 5, 7
What are the prime factors of 13255?
5, 11, 241
What are the prime factors of 2759?
31, 89
List the prime factors of 12249.
3, 1361
List the prime factors of 1275.
3, 5, 17
List the prime factors of 62035.
5, 19, 653
List the prime factors of 12949.
23, 563
What are the prime factors of 35369?
113, 313
List the prime factors of 43.
43
List the prime factors of 578.
2, 17
List the prime factors of 2053.
2053
List the prime factors of 28786.
2, 37, 389
What are the prime factors of 147921?
3, 49307
List th